ctor of 11 and j?
11
Let b(j) = 16*j**2 - 3*j + 11. Let c be b(2). What is the greatest common factor of c and 621?
69
Let b be (-7 - -8)*(0 + -1). Let n be (-326)/(-4) + b/2. What is the highest common divisor of 9 and n?
9
Let z(c) = -5*c + 5. Let q(d) = -70*d + 70. Let v(a) = -6*q(a) + 85*z(a). Let g be v(-3). Calculate the greatest common factor of 4 and g.
4
Suppose 26 = 4*t - l - 3, -3*l = 2*t - 25. Let w be t/3*45/6. What is the greatest common factor of 200 and w?
20
Let f(w) = -w**3 + 3*w**2 - 5*w + 3. Let d be f(3). Let g be (-129)/d + (-2)/(-8). Let z = 24 - 13. What is the highest common divisor of z and g?
11
Let r be 15/8 - 1/(-8). Let u = -18 - 26. Let i = u - -64. Calculate the highest common factor of i and r.
2
Let p = -30 - -44. Let y = p + 6. What is the highest common divisor of 20 and y?
20
Let y = 1 - 1. Let x = -16 + 33. Let s be (-6)/(-2 + y) + x. What is the highest common divisor of 220 and s?
20
Let w(r) = -12*r - 40. Suppose 0*i + 20 = -5*i. Let z be w(i). Calculate the highest common factor of 120 and z.
8
Let o be (-7)/((-1029)/14) + 22676/42. What is the highest common factor of o and 45?
45
Let p = 2075 + -1207. What is the greatest common divisor of p and 31?
31
Let m(r) = -r**3 + 57*r**2 - 104*r - 162. Let o be m(55). What is the greatest common divisor of o and 924?
84
Let h(v) = -v**3 - 12*v**2 - v - 22. Let w be h(-12). Let s = w - -85. Calculate the highest common factor of 15 and s.
15
Let i = -640 - -654. What is the greatest common factor of 742 and i?
14
Let d(f) = 3*f + 31. Let k be d(-14). Let l be 1/(4/k*(-3)/12). Suppose -4*m = -9*m + 2*w + 102, 0 = -3*w + 12. What is the highest common divisor of l and m?
11
Let b = -42 - -75. Let q(w) = -w**2 + 6*w + 10. Let m be q(7). Suppose 0 = y - 3*i - 15, m*y - y - 2*i = 14. What is the greatest common divisor of b and y?
3
Let w(a) = 4*a**3 + a**2 - 2*a + 1. Let k be w(1). Suppose -k*j - j + 101 = 4*t, 0 = -2*t - 2. Calculate the greatest common factor of 3 and j.
3
Suppose -4*v = -0*v - 13*v. Let u = v + 14. What is the greatest common divisor of 70 and u?
14
Let o(g) = g**2 - 3*g + 1. Let m = -20 + 24. Let x be o(m). Calculate the greatest common divisor of x and 35.
5
Suppose 6*j - 2*j - t - 15 = 0, 0 = j + 4*t - 25. What is the highest common factor of j and 5?
5
Let n(m) = m**2 - 21*m + 5. Let a be n(-9). Calculate the highest common factor of 55 and a.
55
Suppose 184 = -23*i + 1035. What is the greatest common divisor of 37 and i?
37
Suppose 2*i + 17 - 104 = 3*p, 0 = -2*i + 2*p + 92. Let f = i + -33. Let z be 8/(-12) - (-249)/9. What is the highest common divisor of z and f?
9
Let y(n) = -6*n**2 + 37*n. Let t be y(5). What is the greatest common divisor of 875 and t?
35
Suppose -j + 5*u + 13 = -6, -55 = -5*j + 5*u. Let i = -24 - -48. Let h = i + -23. What is the highest common divisor of j and h?
1
Let u be 3 - (-113 - -2 - 3). Suppose 4*k + 352 - 40 = 0. Let i be ((-3)/9)/(2/k). What is the greatest common factor of u and i?
13
Let k be 0 + (3 - 1)/1 - -13. Let j be -2 + ((-48)/k)/(1/(-5)). Let v = 2 - 0. Calculate the greatest common factor of v and j.
2
Suppose 2*k + 5*w = -0*w + 11, w + 23 = k. Let r = k - 13. Let h(z) = 3*z**2 - 6*z. Let l be h(r). Calculate the highest common divisor of l and 5.
5
Suppose 4*r - 6*r = 4*p - 264, p - 55 = 5*r. Calculate the greatest common factor of 13 and p.
13
Let t(p) = 2*p + 17. Let q be t(-9). Let g be (q - -11)*(-6)/(-3). What is the highest common factor of 50 and g?
10
Suppose -t + 0*y + 2*y = 9, 2*t + 3*y = -18. Let h = t + 10. Let k be (1 - (-5)/(20/(-8)))*-1. What is the greatest common factor of k and h?
1
Let d(z) = -z**3 - 3*z**2 - 5*z. Let q be d(-4). Suppose 0 = -383*k + 408*k - 600. What is the greatest common factor of q and k?
12
Suppose 0 = x + 34 - 38. Suppose -10*l + 96 + x = 0. Let d be (2 - 0)*(-5)/(-2). Calculate the greatest common factor of l and d.
5
Let l(r) = 6*r - 63. Let x be l(11). What is the greatest common factor of x and 15?
3
Let o be 22 - (0 + 0 + 1). Let n be ((-224)/168)/(16/(-36)). Calculate the highest common divisor of o and n.
3
Let d be (-56)/18 + 3 - (-108682)/63. What is the highest common divisor of 75 and d?
75
Let l be (-40)/(-60)*(-138)/4. Let k = 91 + l. Calculate the greatest common factor of k and 4.
4
Suppose 3*z = -2*f + 4*z - 2, -f = -5*z + 10. Suppose f*i - 2*i + 53 = 3*u, 0 = -u - 1. Calculate the greatest common divisor of 56 and i.
28
Let v(l) = -4*l + 10. Let s be v(-11). Let c be (-10)/(-15) + (-240)/9. Let d = c + 44. Calculate the highest common factor of s and d.
18
Suppose -11*w + 15*w - 4 = 0. Let f be w/(-1 - -5 - 3). Let r be 1/f + (-6)/(-2). Calculate the highest common divisor of r and 2.
2
Let n(v) = 9*v + 15. Let w be n(-17). Let p = w + 145. Let u = -3 - -4. Calculate the greatest common divisor of u and p.
1
Let l = 22 + -12. Let b = 98 + -38. Suppose 270 = -b*o + 63*o. What is the greatest common factor of o and l?
10
Let i(z) = -z - 1. Let u(l) = 19. Let b(t) = -2*i(t) + u(t). Let n be b(-9). Suppose 0*x - n*x + 18 = 0. Calculate the highest common divisor of x and 1.
1
Let k(m) = -m**3 + 13*m**2 + 26*m. Let l be k(-2). Calculate the highest common factor of 536 and l.
8
Let n = 949 - 693. What is the highest common factor of n and 176?
16
Suppose 0 = -v, 10*v = 2*l + 13*v - 24. Calculate the greatest common divisor of 108 and l.
12
Let n(w) = -1 - 15*w**2 - 16*w**2 - w**3 + 0*w + 36*w**2 - 2*w. Let y = -5 - -7. Let c be n(y). What is the greatest common factor of 35 and c?
7
Suppose -39 = -3*f - 0*f. Suppose f + 7 = 5*q. Suppose -3*h - 1 = -q. Calculate the greatest common factor of h and 3.
1
Suppose -2*r + 2*s + 378 = 0, 5*r + 3*s - 342 = 603. What is the greatest common divisor of r and 36?
9
Suppose g = -x - 3*g, g + 9 = 2*x. Suppose -4*u + 8 = 0, -2*u = -x*j + u + 146. Let y = 27 + 68. What is the highest common divisor of j and y?
19
Let p = -18 - -16. Let q be 1/(1/p) - -4. Let o be (-15)/(2/4 - 2). Calculate the greatest common factor of o and q.
2
Suppose 5*z = 0, 0*x - 2*z + 440 = 5*x. Suppose 0 = 2*b - 4*b. Suppose 6*s + 15 - 81 = b. Calculate the greatest common divisor of x and s.
11
Let o(v) = -v + 1. Let s(b) = 3*b - 16. Let i(n) = 4*o(n) + s(n). Let f be i(-6). Let z be (-2)/3*f - -5. Calculate the highest common factor of z and 36.
9
Let l be ((-24)/(-20))/((-7)/(-35)). What is the greatest common divisor of 42 and l?
6
Let v(t) = -t**3 - t + 10. Let y be v(0). Let x be 45/1*12/y. Let b(g) = -7*g + 436. Let d be b(43). Calculate the highest common divisor of x and d.
27
Suppose -b = -3*v - 37 - 206, b = v + 251. Calculate the greatest common factor of b and 15.
15
Suppose -10*q = -14*q - 5*h + 616, 4*q = 4*h + 616. Calculate the highest common divisor of q and 44.
22
Suppose 6*r - 25 + 7 = 0. Let x = r + 8. What is the highest common factor of x and 11?
11
Suppose 351 = 4*i + l, 4*i + 15*l - 355 = 18*l. Let q(f) = 4*f**2 + 2*f - 1. Let o be q(-2). What is the greatest common divisor of o and i?
11
Let g = -35 + 69. Let q = 335 + -169. Suppose -2*w - 2*v + 3*v = -q, 89 = w + v. What is the greatest common factor of w and g?
17
Suppose 0 = -10*q + 34*q - 288. Calculate the greatest common factor of 384 and q.
12
Suppose -18 = -i - 1. Suppose -w - 6 = -5*v - 1, 3*v = 3*w - 9. Suppose -66 = -w*b + 19. Calculate the highest common divisor of b and i.
17
Suppose -107*y + 92*y + 690 = 0. Calculate the highest common factor of y and 851.
23
Let y(d) = -d**3 - d**2 - 2*d - 2. Let p be y(-2). Suppose -3*o + p*o - t - 529 = 0, -3*t - 883 = -5*o. Calculate the greatest common factor of 16 and o.
16
Suppose -2*a = h - 13, -4 = a - 5*h - 5. What is the highest common factor of 384 and a?
6
Let i = -21 + 113. Let h = i + -70. Calculate the greatest common factor of 198 and h.
22
Suppose -2*y + 35 + 5 = 0. Let h = -76 - -111. Let n = 65 - h. What is the greatest common divisor of y and n?
10
Let p(q) = -3*q**3 - 4*q**2 - 6*q - 8. Let l be p(-2). Calculate the greatest common factor of 100 and l.
4
Suppose 2*k - 6*k + 61 = 3*c, -52 = -c + 5*k. Let h(b) = -3*b**2 + 5*b + 5. Let s be h(-2). Let x = s - -20. What is the highest common factor of x and c?
3
Let z = -563 + 1082. Let g = 18 + -9. Suppose 3*b - g = z. What is the greate